{"id":12,"date":"2013-06-21T15:11:43","date_gmt":"2013-06-21T13:11:43","guid":{"rendered":"http:\/\/www.jff.de\/kinderreporter\/?page_id=12"},"modified":"2016-05-11T17:25:41","modified_gmt":"2016-05-11T15:25:41","slug":"impressium","status":"publish","type":"page","link":"https:\/\/kinderreporter.jff.de\/?page_id=12","title":{"rendered":"Impressum"},"content":{"rendered":"<header>\n<h1>Impressum<\/h1>\n<\/header>\n<div>\n<p>Das Projekt wird vom <strong>Medienzentrum M\u00fcnchen<\/strong> des<strong> JFF<\/strong> in Kooperation mit dem M\u00fcnchener Kinderfilmfest und mit pomki.de durchgef\u00fchrt und medienp\u00e4dagogisch begleitet.<br \/>\nUnterst\u00fctzt wird das Projekt dabei vom deutschen Kinderhilfswerk.<\/p>\n<p><strong>Kontaktperson<\/strong><br \/>\nG\u00fcnther Anfang<br \/>\nLeiter des Medienzentrum M\u00fcnchen<br \/>\nkinder.reporter@jff.de<\/p>\n<p><strong>Rechtstr\u00e4ger<\/strong><br \/>\nJFF \u2013 Jugend Film Fernsehen e. V.<br \/>\nArnulfstra\u00dfe 205, <b>80634<\/b> M\u00fcnchen<\/p>\n<p>Fon: +49 89 \u2013 68 98 90 | Fax: +49 89 \u2013 68 98 91 11 | eMail: jff@jff.de | www.jff.de<\/p>\n<p><strong>Vertretungsberechtigte<\/strong><br \/>\nProf. Dr. Bernd Schorb (Vorsitzender), Kathrin Demmler (Direktorin), Dr. Ulrike Wagner (Direktorin)<\/p>\n<p><strong>Registergericht<\/strong><br \/>\nAmtsgericht M\u00fcnchen, Registernummer: VR 4586<\/p>\n<p><strong>Inhaltlich Verantwortlicher gem\u00e4\u00df \u00a7 6 MDStV<\/strong><br \/>\nKathrin Demmler (Direktorin), Dr. Ulrike Wagner (Direktorin)<\/p>\n<p><strong>Haftungshinweis<\/strong><br \/>\nTrotz sorgf\u00e4ltiger inhaltlicher Kontrolle \u00fcbernehmen wir keine Haftung f\u00fcr die Inhalte externer Links. F\u00fcr den Inhalt der verlinkten Seiten sind ausschlie\u00dflich deren Betreiber verantwortlich.<\/p>\n<\/div>\n","protected":false},"excerpt":{"rendered":"<p>Impressum Das Projekt wird vom Medienzentrum M\u00fcnchen des JFF in Kooperation mit dem M\u00fcnchener Kinderfilmfest und mit pomki.de durchgef\u00fchrt und medienp\u00e4dagogisch begleitet. Unterst\u00fctzt wird das Projekt dabei vom deutschen Kinderhilfswerk. Kontaktperson G\u00fcnther Anfang Leiter des Medienzentrum M\u00fcnchen kinder.reporter@jff.de Rechtstr\u00e4ger JFF \u2013 Jugend Film Fernsehen e. V. Arnulfstra\u00dfe 205, 80634 M\u00fcnchen Fon: +49 89 \u2013 68 &hellip; <\/p>\n<p class=\"link-more\"><a href=\"https:\/\/kinderreporter.jff.de\/?page_id=12\" class=\"more-link\"><span class=\"screen-reader-text\">\u201eImpressum\u201c <\/span>weiterlesen<\/a><\/p>\n","protected":false},"author":34,"featured_media":0,"parent":0,"menu_order":0,"comment_status":"closed","ping_status":"closed","template":"","meta":{"ngg_post_thumbnail":0,"footnotes":""},"class_list":["post-12","page","type-page","status-publish","hentry"],"_links":{"self":[{"href":"https:\/\/kinderreporter.jff.de\/index.php?rest_route=\/wp\/v2\/pages\/12","targetHints":{"allow":["GET"]}}],"collection":[{"href":"https:\/\/kinderreporter.jff.de\/index.php?rest_route=\/wp\/v2\/pages"}],"about":[{"href":"https:\/\/kinderreporter.jff.de\/index.php?rest_route=\/wp\/v2\/types\/page"}],"author":[{"embeddable":true,"href":"https:\/\/kinderreporter.jff.de\/index.php?rest_route=\/wp\/v2\/users\/34"}],"replies":[{"embeddable":true,"href":"https:\/\/kinderreporter.jff.de\/index.php?rest_route=%2Fwp%2Fv2%2Fcomments&post=12"}],"version-history":[{"count":13,"href":"https:\/\/kinderreporter.jff.de\/index.php?rest_route=\/wp\/v2\/pages\/12\/revisions"}],"predecessor-version":[{"id":908,"href":"https:\/\/kinderreporter.jff.de\/index.php?rest_route=\/wp\/v2\/pages\/12\/revisions\/908"}],"wp:attachment":[{"href":"https:\/\/kinderreporter.jff.de\/index.php?rest_route=%2Fwp%2Fv2%2Fmedia&parent=12"}],"curies":[{"name":"wp","href":"https:\/\/api.w.org\/{rel}","templated":true}]}}