{"id":311,"date":"2014-02-23T21:24:38","date_gmt":"2014-02-23T19:24:38","guid":{"rendered":"http:\/\/www.jff.de\/kinderreporter\/?page_id=311"},"modified":"2018-05-24T11:02:34","modified_gmt":"2018-05-24T09:02:34","slug":"kinderreporter-2013","status":"publish","type":"page","link":"https:\/\/kinderreporter.jff.de\/?page_id=311","title":{"rendered":"Kinderreporter 2013"},"content":{"rendered":"<p><a href=\"http:\/\/www.jff.de\/\">JFF &#8211; Institut f\u00fcr Medienp\u00e4dagogik<\/a> in Kooperation mit dem Kinderportal der Stadt M\u00fcnchen <a href=\"https:\/\/www.pomki.de\/\">Pomki<\/a><\/p>\n\n<table id=\"tablepress-1\" class=\"tablepress tablepress-id-1\">\n<tbody>\n<tr class=\"row-1\">\n\t<td class=\"column-1\"><a href=\"http:\/\/www.jff.de\/kinderreporter\/wp-content\/uploads\/2013\/07\/Amelie.jpg\"><img loading=\"lazy\" decoding=\"async\" src=\"http:\/\/www.jff.de\/kinderreporter\/wp-content\/uploads\/2013\/07\/Amelie-300x199.jpg\" alt=\"\" width=\"300\" height=\"199\" class=\"alignleft size-medium wp-image-233\" srcset=\"https:\/\/kinderreporter.jff.de\/wp-content\/uploads\/2013\/07\/Amelie-300x199.jpg 300w, https:\/\/kinderreporter.jff.de\/wp-content\/uploads\/2013\/07\/Amelie-1024x680.jpg 1024w, https:\/\/kinderreporter.jff.de\/wp-content\/uploads\/2013\/07\/Amelie-451x300.jpg 451w, https:\/\/kinderreporter.jff.de\/wp-content\/uploads\/2013\/07\/Amelie.jpg 1504w\" sizes=\"auto, (max-width: 300px) 100vw, 300px\" \/><\/a><\/td><td class=\"column-2\">Name: Amelie<br \/>\nAlter: 9 Jahre<br \/>\nLieblingsfilm : Madagaskar 3 und 2 , Ice Age 2, 3, 4 und Reuber<br \/>\n\u00dcber mich: Ich mag Haustiere und habe keine Geschwister<\/td>\n<\/tr>\n<tr class=\"row-2\">\n\t<td class=\"column-1\"><a href=\"http:\/\/www.jff.de\/kinderreporter\/wp-content\/uploads\/2013\/07\/David.jpg\"><img loading=\"lazy\" decoding=\"async\" src=\"http:\/\/www.jff.de\/kinderreporter\/wp-content\/uploads\/2013\/07\/David-300x199.jpg\" alt=\"\" width=\"300\" height=\"199\" class=\"alignleft size-medium wp-image-229\" srcset=\"https:\/\/kinderreporter.jff.de\/wp-content\/uploads\/2013\/07\/David-300x199.jpg 300w, https:\/\/kinderreporter.jff.de\/wp-content\/uploads\/2013\/07\/David-1024x680.jpg 1024w, https:\/\/kinderreporter.jff.de\/wp-content\/uploads\/2013\/07\/David-451x300.jpg 451w, https:\/\/kinderreporter.jff.de\/wp-content\/uploads\/2013\/07\/David.jpg 1504w\" sizes=\"auto, (max-width: 300px) 100vw, 300px\" \/><\/a><\/td><td class=\"column-2\">Name: David<br \/>\nAlter: fast 10 Jahre<br \/>\nLieblingsfilm: Madargaskar 3, Ice Age 4<\/td>\n<\/tr>\n<tr class=\"row-3\">\n\t<td class=\"column-1\"><a href=\"http:\/\/www.jff.de\/kinderreporter\/wp-content\/uploads\/2013\/07\/Fabian.jpg\"><img loading=\"lazy\" decoding=\"async\" src=\"http:\/\/www.jff.de\/kinderreporter\/wp-content\/uploads\/2013\/07\/Fabian-300x199.jpg\" alt=\"\" width=\"300\" height=\"199\" class=\"alignleft size-medium wp-image-231\" srcset=\"https:\/\/kinderreporter.jff.de\/wp-content\/uploads\/2013\/07\/Fabian-300x199.jpg 300w, https:\/\/kinderreporter.jff.de\/wp-content\/uploads\/2013\/07\/Fabian-1024x680.jpg 1024w, https:\/\/kinderreporter.jff.de\/wp-content\/uploads\/2013\/07\/Fabian-451x300.jpg 451w, https:\/\/kinderreporter.jff.de\/wp-content\/uploads\/2013\/07\/Fabian.jpg 1504w\" sizes=\"auto, (max-width: 300px) 100vw, 300px\" \/><\/a><\/td><td class=\"column-2\">Name: Fabian<br \/>\nAlter: 8 Jahre<br \/>\nLieblingsfilm: die CROODS<br \/>\n\u00dcber mich: Ich habe kein Haustier und keine Geschwister.<\/td>\n<\/tr>\n<tr class=\"row-4\">\n\t<td class=\"column-1\"><a href=\"http:\/\/www.jff.de\/kinderreporter\/wp-content\/uploads\/2013\/06\/Helena1.jpg\"><img loading=\"lazy\" decoding=\"async\" src=\"http:\/\/www.jff.de\/kinderreporter\/wp-content\/uploads\/2013\/06\/Helena1-300x199.jpg\" alt=\"Helena\" width=\"300\" height=\"199\" class=\"alignleft size-medium wp-image-194\" srcset=\"https:\/\/kinderreporter.jff.de\/wp-content\/uploads\/2013\/06\/Helena1-300x199.jpg 300w, https:\/\/kinderreporter.jff.de\/wp-content\/uploads\/2013\/06\/Helena1-1024x680.jpg 1024w, https:\/\/kinderreporter.jff.de\/wp-content\/uploads\/2013\/06\/Helena1-451x300.jpg 451w, https:\/\/kinderreporter.jff.de\/wp-content\/uploads\/2013\/06\/Helena1.jpg 1504w\" sizes=\"auto, (max-width: 300px) 100vw, 300px\" \/><\/a><\/td><td class=\"column-2\">Name:  Helena<br \/>\nAlter: 9 Jahre<br \/>\n\u00dcber mich: Ich spiele Handball<br \/>\nLieblingsfilm: Vorstadtkrokodile<br \/>\n\u00dcber mich:  Mein Hobby ist Fu\u00dfball, ich habe eine gro\u00dfe Schwester.<\/td>\n<\/tr>\n<tr class=\"row-5\">\n\t<td class=\"column-1\"><a href=\"http:\/\/www.jff.de\/kinderreporter\/wp-content\/uploads\/2013\/07\/Leonhard.jpg\"><img loading=\"lazy\" decoding=\"async\" src=\"http:\/\/www.jff.de\/kinderreporter\/wp-content\/uploads\/2013\/07\/Leonhard-300x199.jpg\" alt=\"\" width=\"300\" height=\"199\" class=\"alignleft size-medium wp-image-234\" srcset=\"https:\/\/kinderreporter.jff.de\/wp-content\/uploads\/2013\/07\/Leonhard-300x199.jpg 300w, https:\/\/kinderreporter.jff.de\/wp-content\/uploads\/2013\/07\/Leonhard-1024x680.jpg 1024w, https:\/\/kinderreporter.jff.de\/wp-content\/uploads\/2013\/07\/Leonhard-451x300.jpg 451w, https:\/\/kinderreporter.jff.de\/wp-content\/uploads\/2013\/07\/Leonhard.jpg 1504w\" sizes=\"auto, (max-width: 300px) 100vw, 300px\" \/><\/a><\/td><td class=\"column-2\">Name: Leonhard<br \/>\nAlter: 10 Jahre<\/td>\n<\/tr>\n<tr class=\"row-6\">\n\t<td class=\"column-1\"><a href=\"http:\/\/www.jff.de\/kinderreporter\/wp-content\/uploads\/2013\/07\/Miguel.jpg\"><img loading=\"lazy\" decoding=\"async\" src=\"http:\/\/www.jff.de\/kinderreporter\/wp-content\/uploads\/2013\/07\/Miguel-300x199.jpg\" alt=\"\" width=\"300\" height=\"199\" class=\"alignleft size-medium wp-image-235\" srcset=\"https:\/\/kinderreporter.jff.de\/wp-content\/uploads\/2013\/07\/Miguel-300x199.jpg 300w, https:\/\/kinderreporter.jff.de\/wp-content\/uploads\/2013\/07\/Miguel-1024x680.jpg 1024w, https:\/\/kinderreporter.jff.de\/wp-content\/uploads\/2013\/07\/Miguel-451x300.jpg 451w, https:\/\/kinderreporter.jff.de\/wp-content\/uploads\/2013\/07\/Miguel.jpg 1504w\" sizes=\"auto, (max-width: 300px) 100vw, 300px\" \/><\/a><\/td><td class=\"column-2\">Name: Miguel<br \/>\nAlter: 10 Jahre<br \/>\n\u00dcber mich: In den Ferien fahre ich nach Spanien und meine Hobbys sind Sport.<br \/>\nLieblingsfilm: EPIC<\/td>\n<\/tr>\n<tr class=\"row-7\">\n\t<td class=\"column-1\"><a href=\"http:\/\/www.jff.de\/kinderreporter\/wp-content\/uploads\/2013\/07\/Nelson.jpg\"><img loading=\"lazy\" decoding=\"async\" src=\"http:\/\/www.jff.de\/kinderreporter\/wp-content\/uploads\/2013\/07\/Nelson-300x199.jpg\" alt=\"\" width=\"300\" height=\"199\" class=\"alignleft size-medium wp-image-225\" srcset=\"https:\/\/kinderreporter.jff.de\/wp-content\/uploads\/2013\/07\/Nelson-300x199.jpg 300w, https:\/\/kinderreporter.jff.de\/wp-content\/uploads\/2013\/07\/Nelson-1024x680.jpg 1024w, https:\/\/kinderreporter.jff.de\/wp-content\/uploads\/2013\/07\/Nelson-451x300.jpg 451w, https:\/\/kinderreporter.jff.de\/wp-content\/uploads\/2013\/07\/Nelson.jpg 1504w\" sizes=\"auto, (max-width: 300px) 100vw, 300px\" \/><\/a><\/td><td class=\"column-2\">Name: Nelson<br \/>\nAlter: 9 Jahre<br \/>\n\u00dcber mich: Ich hoffe, es wird abgefahren. Meine Hobbys sind alles was kreativ ist, Nerf- und Wasserschlacht, Musik h\u00f6ren.<br \/>\nLieblingsfilm: The Croods<\/td>\n<\/tr>\n<tr class=\"row-8\">\n\t<td class=\"column-1\"><a href=\"http:\/\/www.jff.de\/kinderreporter\/wp-content\/uploads\/2013\/07\/Yaelle.jpg\"><img loading=\"lazy\" decoding=\"async\" src=\"http:\/\/www.jff.de\/kinderreporter\/wp-content\/uploads\/2013\/07\/Yaelle-300x199.jpg\" alt=\"\" width=\"300\" height=\"199\" class=\"alignleft size-medium wp-image-223\" srcset=\"https:\/\/kinderreporter.jff.de\/wp-content\/uploads\/2013\/07\/Yaelle-300x199.jpg 300w, https:\/\/kinderreporter.jff.de\/wp-content\/uploads\/2013\/07\/Yaelle-1024x680.jpg 1024w, https:\/\/kinderreporter.jff.de\/wp-content\/uploads\/2013\/07\/Yaelle-451x300.jpg 451w, https:\/\/kinderreporter.jff.de\/wp-content\/uploads\/2013\/07\/Yaelle.jpg 1504w\" sizes=\"auto, (max-width: 300px) 100vw, 300px\" \/><\/a><\/td><td class=\"column-2\">Name: Yaelle<br \/>\nAlter: 10 1\/2 Jahre<br \/>\n\u00dcber mich: Meine Lieblingstiere sind Bienen und meine Lieblingsfarbe ist gelb. Ich liebe die Natur und die Tiere. Au\u00dferdem m\u00f6chte ich sp\u00e4ter S\u00e4ngerin, Lehrerin oder eine normale Frau werden.<\/td>\n<\/tr>\n<tr class=\"row-9\">\n\t<td class=\"column-1\"><a href=\"http:\/\/www.jff.de\/kinderreporter\/wp-content\/uploads\/2013\/07\/Zeba.jpg\"><img loading=\"lazy\" decoding=\"async\" src=\"http:\/\/www.jff.de\/kinderreporter\/wp-content\/uploads\/2013\/07\/Zeba-300x199.jpg\" alt=\"\" width=\"300\" height=\"199\" class=\"alignleft size-medium wp-image-236\" srcset=\"https:\/\/kinderreporter.jff.de\/wp-content\/uploads\/2013\/07\/Zeba-300x199.jpg 300w, https:\/\/kinderreporter.jff.de\/wp-content\/uploads\/2013\/07\/Zeba-1024x680.jpg 1024w, https:\/\/kinderreporter.jff.de\/wp-content\/uploads\/2013\/07\/Zeba-451x300.jpg 451w, https:\/\/kinderreporter.jff.de\/wp-content\/uploads\/2013\/07\/Zeba.jpg 1504w\" sizes=\"auto, (max-width: 300px) 100vw, 300px\" \/><\/a><\/td><td class=\"column-2\">Name: Zeba<br \/>\nAlter: 10 Jahre<\/td>\n<\/tr>\n<tr class=\"row-10\">\n\t<td class=\"column-1\"><a href=\"http:\/\/www.jff.de\/kinderreporter\/wp-content\/uploads\/2013\/07\/Aur\u00e9lien.jpg\"><img loading=\"lazy\" decoding=\"async\" src=\"http:\/\/www.jff.de\/kinderreporter\/wp-content\/uploads\/2013\/07\/Aur\u00e9lien-300x199.jpg\" alt=\"\" width=\"300\" height=\"199\" class=\"alignleft size-medium wp-image-237\" srcset=\"https:\/\/kinderreporter.jff.de\/wp-content\/uploads\/2013\/07\/Aur\u00e9lien-300x199.jpg 300w, https:\/\/kinderreporter.jff.de\/wp-content\/uploads\/2013\/07\/Aur\u00e9lien-1024x680.jpg 1024w, https:\/\/kinderreporter.jff.de\/wp-content\/uploads\/2013\/07\/Aur\u00e9lien-451x300.jpg 451w, https:\/\/kinderreporter.jff.de\/wp-content\/uploads\/2013\/07\/Aur\u00e9lien.jpg 1504w\" sizes=\"auto, (max-width: 300px) 100vw, 300px\" \/><\/a><\/td><td class=\"column-2\">Name: Aur\u00e9lien<br \/>\nAlter: 11 Jahre<br \/>\nLieblingsfilme: Harry Potter und Eragon<br \/>\n\u00dcber mich: Ich bin Franzose und ich m\u00f6chte gerne ein Haustier. Meine Hobbys sind schwimmen, Fahrrad fahren, Fu\u00dfballspielen und lesen.<\/td>\n<\/tr>\n<\/tbody>\n<\/table>\n<!-- #tablepress-1 from cache -->\n<p>&nbsp;<\/p>\n","protected":false},"excerpt":{"rendered":"<p>JFF &#8211; Institut f\u00fcr Medienp\u00e4dagogik in Kooperation mit dem Kinderportal der Stadt M\u00fcnchen Pomki &nbsp;<\/p>\n","protected":false},"author":4,"featured_media":0,"parent":307,"menu_order":2,"comment_status":"open","ping_status":"open","template":"","meta":{"ngg_post_thumbnail":0,"footnotes":""},"class_list":["post-311","page","type-page","status-publish","hentry"],"_links":{"self":[{"href":"https:\/\/kinderreporter.jff.de\/index.php?rest_route=\/wp\/v2\/pages\/311","targetHints":{"allow":["GET"]}}],"collection":[{"href":"https:\/\/kinderreporter.jff.de\/index.php?rest_route=\/wp\/v2\/pages"}],"about":[{"href":"https:\/\/kinderreporter.jff.de\/index.php?rest_route=\/wp\/v2\/types\/page"}],"author":[{"embeddable":true,"href":"https:\/\/kinderreporter.jff.de\/index.php?rest_route=\/wp\/v2\/users\/4"}],"replies":[{"embeddable":true,"href":"https:\/\/kinderreporter.jff.de\/index.php?rest_route=%2Fwp%2Fv2%2Fcomments&post=311"}],"version-history":[{"count":8,"href":"https:\/\/kinderreporter.jff.de\/index.php?rest_route=\/wp\/v2\/pages\/311\/revisions"}],"predecessor-version":[{"id":1485,"href":"https:\/\/kinderreporter.jff.de\/index.php?rest_route=\/wp\/v2\/pages\/311\/revisions\/1485"}],"up":[{"embeddable":true,"href":"https:\/\/kinderreporter.jff.de\/index.php?rest_route=\/wp\/v2\/pages\/307"}],"wp:attachment":[{"href":"https:\/\/kinderreporter.jff.de\/index.php?rest_route=%2Fwp%2Fv2%2Fmedia&parent=311"}],"curies":[{"name":"wp","href":"https:\/\/api.w.org\/{rel}","templated":true}]}}